by 153?
25
Suppose -47*m + 2*m + 3774 = -8*m. What is the remainder when 9076 is divided by m?
100
Let z = 205 - 39. Suppose 3*w + 3*j + 152 = 5*w, z = 2*w + 4*j. What is the remainder when w is divided by 10?
9
Let h(c) = c**2 + 2*c + 83. Suppose -5*p - 10 - 27 = -f, 0 = 3*f + 4*p - 35. Suppose -f*q + 19*q = 0. Calculate the remainder when h(q) is divided by 29.
25
Let u(g) = 9*g**2 - 158*g - 312. What is the remainder when u(24) is divided by 31?
26
Let f(g) = -g**3 + 13*g**2 - 27*g + 134. Let m be f(11). Suppose -d = -3*i + 110 - 8, 2*i + 3*d = m. Calculate the remainder when 174 is divided by i.
34
Let c(b) = b**3 + 7*b**2 - 3*b + 1. Let x = 157847 + -157752. Calculate the remainder when x is divided by c(-6).
40
Let a(z) = 4*z**2 - 3*z - 6. Let s be ((-114)/(-30) + -3)/(2/10). Calculate the remainder when a(s) is divided by 17.
12
Suppose 3*m + 3*p - 107 = -2*p, 4*m - 5*p - 96 = 0. Let s(h) = -21*h - 20. Calculate the remainder when s(-5) is divided by m.
27
Let b = -8 - -17. Let q be (-15)/45 - 74/(-6). Let x(m) = m**3 - 11*m**2 - 13*m + 29. What is the remainder when x(q) is divided by b?
8
Suppose 6238 - 1772 = 11*n. Suppose -5*q + 4*i = 178 - 526, i = 3*q - 206. Calculate the remainder when n is divided by q.
66
Let f(l) = -l**2 - 4*l + 2. Let j be f(-4). Suppose -2*u = 4*a - 34, -5*a - 18*u + 15*u = -45. Calculate the remainder when (-1)/j - (-43)/2 is divided by a.
3
Let d(p) be the second derivative of -p**3/6 + 7*p**2 + 14*p. Let b be d(-9). Suppose -94 = -3*u + b. Calculate the remainder when u is divided by 21.
18
What is the remainder when 3445 is divided by 1350/(-36)*(-4 + 4 + 12/(-9))?
45
Suppose -16*k - 5762 - 1960 = -34*k. What is the remainder when k is divided by 15?
9
Let k(x) = x + 4. Let f be -4*4/(-48)*57. Let r(m) = 4*m**3 + m - 1. Calculate the remainder when k(f) is divided by r(1).
3
Suppose 5*m + 35 = -0*m. Let a be 7*(66/m - 0). Let n = a - -111. What is the remainder when n is divided by 23?
22
Suppose -3*w - 9 = 4*g - 13, 0 = -5*w + 20. What is the remainder when 171 is divided by 268/6 + (-4)/(-12)*g?
39
Suppose -13*a - 20 = -18*a. Calculate the remainder when 69*(-36)/(-54)*6/a is divided by 27.
15
Let a = -494 - -652. What is the remainder when a is divided by 68?
22
Suppose 15*h = 2*h + 65. Let l(r) = 10*r - 6. Let t(n) = -n**2 + 14*n - 8. What is the remainder when l(h) is divided by t(12)?
12
Suppose -a = 2*a - d - 25, -20 = -4*d. Let f = 376 - 282. Suppose -5*l + 250 = -5*z, -z = 2*l - 0*z - f. What is the remainder when l is divided by a?
8
Suppose 5*l - 4*u = 59, -6*l - 4*u + 51 = -l. Suppose -6*j + 5*j = -4*a - 70, 4*a + 366 = 5*j. What is the remainder when j is divided by l?
8
Suppose 30*g - 143 = 9*g + 193. Let r = 252 + 113. Calculate the remainder when r is divided by g.
13
Let y(q) = -q**3 + 16*q**2 + 48*q - 471. Calculate the remainder when y(8) is divided by 60.
5
Suppose -2*m = 1510 - 1552. Suppose 95 - 11 = m*y. Calculate the remainder when 34 is divided by y.
2
Let j(l) = -l**2 + 3*l + 4. Let c be j(4). Let o(h) = -h**3 + h**2 - h + 33. Calculate the remainder when ((-1)/3)/(5/(-1965)) is divided by o(c).
32
Suppose 0 = 5*u + 20, 5*j + 15*u = 13*u + 227. Calculate the remainder when 5544 is divided by j.
45
Suppose 6*t = t + 105. Let m = 568 + -1059. Let u = m - -541. What is the remainder when u is divided by t?
8
Suppose -5148 - 4460 - 5767 = -75*d. Calculate the remainder when 430 is divided by d.
20
Let y(f) = 239*f - 2. Let i be y(1). Suppose 0 = w + 3, -2*g + 5*w = -26 - i. Let h(a) = 2*a**2 - 10*a + 6. Calculate the remainder when g is divided by h(6).
16
Suppose -15 = d - 4*c, 3*d - 15 + 0 = -3*c. Suppose -q + 24 = d. Calculate the remainder when 68 is divided by q.
22
Suppose 5*s = 16 + 4. Suppose a - 2*r + 138 = 6*a, -s*a - 3*r + 109 = 0. Let p = -15 + 30. What is the remainder when a is divided by p?
13
Suppose 5*z - 4*z = 49. Suppose -5*j = 2*x - 1198, -10*j = -6*j - 3*x - 963. Calculate the remainder when j is divided by z.
44
Let h(x) = -14*x - 301. Let v be h(-21). Calculate the remainder when (-21)/v*(180/5 + -3) is divided by 87.
12
Suppose 0 = -4*z - u - 171, -2*z + 2*u - 12 - 86 = 0. What is the remainder when 168 is divided by (-2)/(5 + -3) - z?
39
Suppose -93*d = -15699 - 11736. Calculate the remainder when 2066 is divided by d.
1
Let j = 263 - 75. Suppose 181*c + 532 = j*c. Calculate the remainder when c is divided by 26.
24
Suppose -15*d - 483 = -23*d + 5*d. Calculate the remainder when 277 is divided by d.
116
Let p(r) = -r**2 - 17*r - 45. Let v = 109 - 121. What is the remainder when p(v) is divided by 9?
6
Suppose -1032*f + 1150 = -1022*f. What is the remainder when f is divided by (60/9)/(2/9)?
25
Let b(u) = 3*u - 62. Let w be (-59)/(-3) + 1 + 1/3. Let f be b(w). What is the remainder when -2 - -2 - (f - 50) is divided by 13?
10
Let z(k) = -10*k**2 + 77*k - 9. Calculate the remainder when 1363 is divided by z(4).
112
Let s be 10*(-2)/(-12)*(-36)/(-10). Let y(a) = -a**3 + 9*a**2 - 13*a + 17. Calculate the remainder when y(s) is divided by 8.
7
Let n(p) = -2*p - 18. Let v be n(-13). Let j(i) = 3*i + 3*i**2 - v*i + i. Calculate the remainder when j(3) is divided by 6.
3
Let y = 138 - 224. Let j = y + 95. What is the remainder when 14 is divided by j?
5
Suppose 2326 + 1279 = 35*h. Calculate the remainder when 1952 is divided by h.
98
Let r be 3/2*-104*8/(-48). Suppose -r*o + 24*o + 26 = 0. Calculate the remainder when o is divided by 5.
3
Suppose 290 = 94*j - 89*j. Suppose -64*m = -j*m - 1536. Calculate the remainder when m is divided by 26.
22
Let b = -363 - -174. Calculate the remainder when b/(-5) - 4/(-20) is divided by 14.
10
Let c be 1*2/(-4) + (-259)/(-74). Suppose 5*x + 0*d + c*d - 10 = 0, 2 = x - d. Calculate the remainder when 35 is divided by 160/50 + x/(-10) - -15.
17
Suppose 135 + 632 = 13*z. What is the remainder when 7077 is divided by z?
56
Let w = 70 - 45. Let p be ((-468)/(-396) - (-2)/(-11)) + 1. Suppose -2*z + 5 = -2*y - 9, 0 = -4*z - p*y + 40. Calculate the remainder when w is divided by z.
7
Let f(l) = l**3 + 13*l**2 + 31*l + 15. Let m be f(-10). Suppose m*d + 309 - 849 = 0. Calculate the remainder when d is divided by 56.
52
Let k = 18956 + -18943. Calculate the remainder when 4118 is divided by k.
10
Let d(j) = -j - 34. Let l be d(-36). What is the remainder when 47 is divided by 4 + (1 - -4) + l - 4?
5
Let q(r) = -r**3 + 12*r**2 - 10*r + 28. Let i be q(10). Suppose 6*d + 8 = i. What is the remainder when 196 is divided by d?
16
Calculate the remainder when 424 is divided by 279/(-186) - (-1)/(-2) - (-2 + -25).
24
Suppose 12 = 4*y - 8. Let i = 904 - 900. Suppose y*g - 33 = -i*f, -2*f + g + 10 = -3. What is the remainder when 23 is divided by f?
2
Let q be (-16)/3*(-5 + -1) - -2. Let t = q + 6. What is the remainder when 198 is divided by t?
38
Let t = -579 + 610. Suppose -t*v + 41*v = 520. Calculate the remainder when 620 is divided by v.
48
Suppose -2*h - 2*g + 60 = 0, -5*h - 60*g = -62*g - 115. What is the remainder when 2149 is divided by h?
24
Let m = 3456 - 3432. Calculate the remainder when 573 is divided by m.
21
Suppose 10522 = 28*v + 1422. Suppose -v*c - 168 = -333*c. What is the remainder when c is divided by 10?
1
Calculate the remainder when ((-628425)/(-54))/35 - (-6)/(-4) is divided by 166.
165
Let c = 134 + -36. Let f be 6 + (164 - 8/(-4)). Let l = f - 152. What is the remainder when c is divided by l?
18
Calculate the remainder when 7/(14/1692) - (-35 + 40) is divided by 216.
193
Suppose 304 = -4*n + 600. What is the remainder when 245 is divided by n?
23
Suppose 1325 + 353 = 4*b - 2*x, 2*x - 2111 = -5*b. What is the remainder when b is divided by 40?
21
Suppose -235 = -5*w - 2*n, -5*w + 240 = -31*n + 32*n. What is the remainder when w is divided by 38?
11
Suppose -t - 3*d + 1294 = 0, -3*t + 2288 = 2*d - 1594. Calculate the remainder when t is divided by 22.
18
Suppose -7052 = -102*g - 15727 + 56717. What is the remainder when g is divided by 236?
235
Let s(l) = l**3 + 6*l**2 + 6*l + 8. Let c = 39 - 44. Let f be s(c). Suppose -f*n - 3 = -4*o - 25, 4*n - 36 = 2*o. What is the remainder when 38 is divided by n?
8
Suppose -y = -1093 + 959. Let c = -98 + y. What is the remainder when c is divided by 3?
0
Let i(l) = -l**3 - 2*